
-2
Calculate -7 + 2 - (-30 + 22).
3
Calculate -5 - -2 - (-1 - -2).
-4
Calculate -1 + 0 + 4 - (-24 + 32).
-5
What is -2 - -1 - (4 - -2 - 3)?
-4
-12 + -10 + 1 + 30
9
What is -6 - (-3 + -3) - (-2 - 0)?
2
-1 + 0 + 7 + -17 + 13
2
What is the value of 0 - -10 - 9 - 2?
-1
What is (2 - 8 - -5) + 0 + 6?
5
Evaluate -1 - ((-10 - -2) + 15).
-8
0 + 3 + 1 + (-15 - -14)
3
-26 + 28 + 2 + 2 + 1
7
Calculate (-4 - -5) + -4 - (-1 + -2).
0
(-4 - -3) + 0 - -2 - 1
0
What is 6 - (15 + -10 + -2)?
3
-1 - -1 - (13 - 11)
-2
Evaluate -4 + (3 - -2 - 2).
-1
What is the value of 0 + 1 - (-5 + (3 - 3))?
6
Calculate -13 + 4 + 4 + 0.
-5
Calculate 1 - -4 - (-7 - -9).
3
What is 16 + -15 - (-4 - -1)?
4
Calculate 0 + -7 + 10 + (1 - 9).
-5
Calculate -5 + (-28 + 28 - (1 + 1)).
-7
Evaluate 3 + 1 + -2 + (-2 - 1).
-1
-5 - (-4 + -3 - -3)
-1
2 - ((6 - (-7 - -4)) + -2)
-5
Evaluate -4 + (-6 + 4 - -4) - -5.
3
3 + -3 - 4 - 0 - -1
-3
-4 + (26 - 8) - 8
6
(-2 - (-15 - -18)) + (2 - 1)
-4
Calculate 0 + 4 - (1 + -1).
4
Evaluate (0 + (8 - 7) - -2) + -1.
2
Evaluate 4 - ((-1 - 2) + (4 - 1)).
4
-12 + 5 + (-2 - -5)
-4
1 - 0 - (14 + -13) - 4
-4
What is the value of 5 - 1 - (-2 - -1)?
5
What is the value of ((5 - 11) + 5 - -3) + 5?
7
(-2 - -8) + -2 + -9
-5
What is the value of 3 + 24 + -15 - (0 + 7)?
5
Calculate (0 - -9) + -8 + -1 + -4.
-4
What is the value of (1 - -2) + (-115 - -109)?
-3
Evaluate -5 + 0 + -3 + 9 - -4.
5
Calculate -2 + (-3 - (6 - 13)).
2
What is the value of -15 + 6 + -4 + 6?
-7
Calculate 66 + -61 - (0 - -8).
-3
What is the value of (3 - -15 - 6) + -11?
1
What is the value of 3 - -1 - (1 + -3) - 0?
6
What is -4 + 1 - (-7 + 2)?
2
Calculate (-6 - -9 - 0) + -3 + 2.
2
Calculate 9 + 1 - (185 - 172).
-3
Calculate (-9 - -13) + (0 - 6).
-2
What is the value of -12 + (0 - (3 - 14))?
-1
What is the value of 4 + 1 + -2 + 5 + -6?
2
Evaluate 0 + 12 + 2 + -14.
0
Evaluate 4 + (5 - 3) + (-4 - 9).
-7
What is -5 + 13 + -7 - (3 - 1)?
-1
What is -4 - (-4 - (1 - 3 - -5))?
3
Evaluate (17 - 19) + 6 + -7.
-3
What is the value of -4 - 1 - (2 - (9 - 8))?
-6
What is the value of 47 + -47 - (-6 - -1)?
5
What is (-1 + 0 + 1 - 2) + 6?
4
(2 + -4 - 5) + 2
-5
What is -6 - (12 - 16 - (1 + 1))?
0
-10 + (-8 - -11) - -14
7
What is the value of (2 - 2) + 3 + (3 - 6)?
0
8 - (3 - 14 - -13)
6
Evaluate (20 - 11 - 3) + (1 - 9).
-2
Evaluate -6 - (-10 + (-3 - -4)).
3
Calculate 2 - 4 - ((8 - 2) + -3).
-5
Evaluate 7 + -2 - -2 - (-7 + 10).
4
7 - 12 - (-1 + 1)
-5
What is (6 - (24 + -11)) + 2?
-5
What is the value of -3 - (-2 - (3 - 3))?
-1
Calculate (-6 - -5) + 0 - 1.
-2
Calculate 6 - (-1 + 2 + 3).
2
Evaluate -8 - -2 - (-8 - -3).
-1
What is -2 - -4 - (3 - (-1 + 6))?
4
What is the value of (3 - 7) + 0 + 3?
-1
What is the value of -5 + (-2 - -2 - (1 - 1))?
-5
2 - (11 - 13 - 2)
6
Evaluate (-1 - -2) + (-1 - (-3 - -1)).
2
-2 - (-3 + 0 - -5)
-4
Evaluate 2 - ((1 - (0 - 2)) + -1).
0
What is the value of -8 + 11 + 6 + -9?
0
What is 1 + -1 - (1 + -3 - -1)?
1
Calculate -2 + 2 + (-3 - -1).
-2
Evaluate 4 + (8 - (11 - (7 + -1))).
7
What is the value of -4 - (-5 + 6) - -5?
0
Evaluate (5 + -2 - 7) + 2 - -4.
2
What is the value of (0 - (-3 + 4)) + -3 + -6?
-10
Calculate 1 - -8 - (1 + 3).
5
(2 - -19) + -27 + 0 + -1
-7
Calculate 7 + -13 + (0 - -1) + 4.
-1
Calculate 3 + -12 - (-7 + -5).
3
5 + -7 + 4 + -5
-3
Evaluate (-8 - -3) + 1 - (34 + -35).
-3
(-1 - (1 + -6)) + -1 + 1
4
Calculate -11 + 7 + 21 - 10.
7
9 + -5 - 2 - 0
2
Evaluate 5 + (0 - 0) + -5 - -1.
1
Evaluate 2 - (-4 + (-6 - 0) + 12).
0
What is -3 + -2 + (1 - (-4 - 1))?
1
Evaluate (-7 - -3) + (4 - -1) + 3.
4
Evaluate -11 + 6 - -8 - (1 + -2).
4
What is 3 + (-2 - -1) + -3?
-1
(2 + 7 - 7) + 0
2
Calculate 7 - (4 + 10 - 5).
-2
Evaluate (4 - (4 + -3)) + (-7 - -2).
-2
What is (-3 - -3) + -6 + 12?
6
What is the value of 15 + -15 - (0 + -1)?
1
Evaluate (5 - 13 - -8) + -10.
-10
What is the value of 1 + -5 + 12 + (-1 - -1)?
8
Evaluate 5 - 3 - (-5 - -12).
-5
Evaluate 3 - 0 - 2 - 4 - -1.
-2
Calculate (-11 - -8) + (2 + -3 - -7).
3
Calculate 0 - (-1 + 4) - (-10 - -3).
4
-1 + 3 + -2 - (-10 - -9)
1
What is -3 + 0 + 0 + 0 - -6?
3
What is the value of (-4 - -10) + (2 - (-1 - -6))?
3
What is the value of 7 + -5 + 10 + -5?
7
Evaluate 11 + -9 - (5 + 1).
-4
Evaluate 4 - (-2 - -3) - 3.
0
48 + -34 + (-5 - 2)
7
Evaluate 9 - 1 - (20 - 12).
0
-1 + (1 - -4 - 9)
-5
Evaluate 4 + (-11 - (-9 + 4)).
-2
Evaluate 1 + (-7 - -7) + 1.
2
What is the value of 7 - (20 + -2 - (-3 + 8))?
-6
What is the value of 6 + 3 - 6 - -1?
4
-4 - (1 + 5 + 2 + -6)
-6
What is the value of -8 - ((5 - 1) + -8)?
-4
Evaluate (18 - 1 - (12 - 9)) + -6.
8
Calculate 2 + (17 + -17 - (1 + 6)).
-5
What is (3 - (-4 - -11)) + 7 - 8?
-5
What is the value of -3 + 0 - (2 + -10 + 4)?
1
Calculate 6 + 10 + -3 + -11 + 1.
3
(1 - -6 - (-7 - -15)) + -4
-5
Evaluate -1 - -15 - (30 - 20).
4
4 + (4 - 9) - -1 - -6
6
What is 1 + -4 + 3 + (-8 - -4)?
-4
What is the value of 3 + -3 + -2 - (3 - 1)?
-4
What is the value of 4 - (10 + -3) - -1?
-2
Calculate (1 - 5) + (-1 - -9).
4
Calculate 1 + -2 + 5 + -2 + 1.
3
0 + -17 + -7 + 14
-10
Calculate -1 - (-8 - -16 - 13).
4
Evaluate -19 + (25 - 11) + 13.
8
1 + 0 + -4 + 8 + 0
5
Evaluate 13 + -13 - (-6 - (-2 - -1)).
5
What is (-1 - 0) + (-6 - (3 + -9))?
-1
What is 4 + -10 + 5 - (-7 - 0)?
6
What is the value of -5 + 3 + 0 + 2 + -4?
-4
What is the value of -3 + 9 - (-6 - -7)?
5
What is the value of 3 + -8 + 5 - -5?
5
Evaluate 1 - -8 - (99 + -92).
2
What is the value of -3 + 10 + -7 - 4?
-4
Evaluate (3 + 10 - 12) + (2 - -1).
4
-1 - (0 - (13 + -5) - -5)
2
What is the value of (6 - 1) + (-4 - 5)?
-4
(-7 + 3 - -1) + 0
-3
Calculate (-3 - -2) + -10 + 1.
-10
Evaluate 4 - (-1 + (3 + -4 - -2)).
4
What is 0 + -5 + 2 + 0 + 1?
-2
What is the value of -16 + 16 + (9 - 17)?
-8
What is the value of -4 + -1 - (48 + -59)?
6
Calculate (-1 - -5 - 2) + (6 - 6).
2
Calculate -3 + (-4 - -8) + (-8 - -9).
2
What is -1 + -13 - (64 + -77)?
-1
What is the value of -7 + 6 + (-1 - 6)?
-8
What is the value of 1 - (1 - -1 - -6)?
-7
What is (8 - 7) + -7 + (0 - 1)?
-7
Calculate 4 + (-3 - 1) + 1 + -2.
-1
-3 + 0 + (-6 - 0) + 5
-4
Evaluate 3 + 1 - -11 - 9.
6
0 - (2 - (-1 + 4) - -2)
-1
8 - (8 - (9 - 7) - -2)
0
What is the value of -7 + (-1 - (3 - -5 - 15))?
-1
-10 + 8 + 7 + (1 - 2)
4
What is -1 - (0 + (1 - -4 - 11))?
5
What is 5 + -2 + -4 + 6?
5
-3 + 0 + 1 + 3 + -4
-3
What is the value of 2 + 3 - (23 + (-19 - -8))?
-7
-5 + (0 - 3) - -6
-2
Evaluate 1 - 0 - -2 - (66 + -72).
9
(16 - 11) + -1 + -3
1
(-1 - 3) + (9 - 15) + 6
-4
What is -1 - (5 + 0) - (-181 + 183)?
-8
3 - 1 - (11 - 13) - 7
-3
What is the value of -4 + -2 - (-5 + 3)?
-4
Calculate 2 - (4 + 2 - (5 - -2)).
3
Calculate (4 - (-6 - -9)) + -2.
-1
Evaluate -2 + 3 + -3 + -1.
-3
What is -24 + 7 + 10 - -9?
2
-65 + 63 - (1 - 1) - 7
-9
What is the value of (5 - -1) + 2 + -4 - 7?
-3
Evaluate (13 - -1) + 1 - 9.
6
(-10 - -10) + 2 + 0
2
What is the value of (4 - 0) + (-4 - -4 - 5)?
-1
Evaluate 1 + -6 - (-2 - (-2 + 1)).
-4
What is -30 - -12 - (-10 + -3)?
-5
What is 0 + 2 + -3 + -2?
-3
Calculate -2 - (5 - 3 - 5).
1
Evaluate 0 - (3 - -1) - (8 + -8).
-4
What is (-6 - (-4 - 0)) + (-6 - -2)?
-6
What is 6 + 0 - ((4 - -2) + -3)?
3
Evaluate 6 - (-6 + (7 - -11)).
-6
What is the value of (-2 - -2) + (10 - 9)?
1
Calculate (3 - -1 - -1) + 1 + -7.
-1
-17 + 43 - 25 - (-2 - -1)
2
-5 + 10 + -3 - (8 + -12)
6
What is 1 + -6 - (-5 - -5)?
-5
5 + (4 + -3 - 4)
2
Evaluate 7 - (0 + 1 + 4).
2
Evaluate -3 + 2 + -5 + 6 - -2.
2
What is the value of (-16 - -11) + 7 + 2?
4
Calculate -8 + 4 + -1 - -8.
3
What is the value of (8 - 2) + 2 + -2?
6
What is 1 - (2 + -3 - -1) - 0?
1
What is -3 + -2 + (-2 - (-6 + 3))?
-4
Evaluate (2 - 12 - -6) + 1.
-3
0 + (-1 - 10 - -12)
1
What is 42 - 43 - (-9 - -1)?
7
What is (-7 - -6) + 0 + 1 + 1?
1
What is (15 - (-7 + 31)) + (0 - 1)?
-10
What is 4 + -9 + (-1 - 1) + 5?
-2
Calculate (2 - 1 - 5) + -2 + 5.
-1
Evaluate 2 - (1 - (6 + -4) - -5).
-2
What is 2 + -2 + (-2 - (-3 - 3))?
4
Evaluate 2 + -4 - (6 + 1 + -7).
-2
What is the value of 0 - (-2 + 0 - (5 + -3))?
4
Evaluate -5 + (-5 - -5 - (-4 + 1)).
-2
What is the value of 12 + (-6 - -4) + -6?
4
Evaluate -8 - (-9 - (-8 + 5)).
-2
Evaluate (2 - (-3 + 1)) + (-3 - -1).
2
What is 7 + 1 + (-3 - 1) - 1?
3
10 + (7 + -5 - 9)
3
Calculate -2 + 5 + -8 + 6.
1
4 + (-4 - -9 - 10 - -4)
3
Evaluate -3 - -11 - 3 - 1.
4
Eval